. What are the prime factors of s?
3, 307
Let l = 48 + -78. Let x = l - -32. What are the prime factors of x?
2
Suppose -2*f - 3*o + 37 = 0, 0*o = 5*f + 2*o - 76. Suppose f*y + 38 = 15*y. What are the prime factors of y?
2, 19
Suppose -4*k = -j - 2329 - 2483, 2*k + j - 2400 = 0. What are the prime factors of k?
2, 601
Let h(a) be the first derivative of a**4/4 + 2*a**3 - a**2/2 + 7*a + 11. Let p(y) = -6*y. Let q be p(1). List the prime factors of h(q).
13
Suppose 16 + 56 = 4*l. Let i be (l - 2/1) + 1. Suppose f = 2 - 7, w = -4*f - i. What are the prime factors of w?
3
Suppose 22*o = -39*o + 107360. List the prime factors of o.
2, 5, 11
Suppose 0 = 25*p - 1632 - 7018. List the prime factors of p.
2, 173
Suppose 3*a + 127 = -3*y + 964, a - y = 271. What are the prime factors of a?
5, 11
Let o be (-6)/(1/(12/(-1))). Let b = 118 - o. List the prime factors of b.
2, 23
Suppose 2*v = -3*r + 5, 0 = -4*r - 7*v + 2*v - 5. Suppose 4*t + 16 = 0, 0*q + 2 = -r*q - 3*t. Suppose 9 = q*o - 11. List the prime factors of o.
2, 5
What are the prime factors of 88/(-3)*(-33)/2?
2, 11
Let v(o) = o**3 - o**2 + 14. Let c be v(0). What are the prime factors of ((-581)/c)/((-2)/4)?
83
Let m be (2 + (-2)/1)/1. Suppose m = 3*z - 82 - 68. What are the prime factors of z?
2, 5
Suppose h + 4*h = 0. Let m(n) be the second derivative of -n**4/12 - n**3/6 + 13*n**2/2 + 7*n. List the prime factors of m(h).
13
Suppose -3*o - 4*u = -11, -o + u + 2 = -4. Suppose 0 = -o*c + 11 + 9. Suppose -3*r = -c - 8. What are the prime factors of r?
2
Let w = 21 - 23. List the prime factors of (-4 - (w + 1)) + 63.
2, 3, 5
Suppose -21*j - 232 = -3466. List the prime factors of j.
2, 7, 11
Suppose -21 = -10*h + 13*h. List the prime factors of 2/10*-196*(h - -2).
2, 7
Let y(d) = d**3 + 3*d**2 - 2*d - 5. Let u be y(-4). Let q be (u - 132)*(-4)/10. Let o = q - 36. What are the prime factors of o?
2, 11
Suppose v - 22 = g - 6*g, 2*g = -5*v + 18. Suppose 5*c + 0*c = -2*d + 87, 0 = d - v*c - 21. List the prime factors of d.
31
List the prime factors of 439 + (6/(-8))/((-2)/(-8)).
2, 109
Let q(x) = 24*x**3 + 9*x**2 - 9*x + 33. List the prime factors of q(4).
3, 13, 43
Let t(q) be the second derivative of 131*q**4/12 - q**3 - q**2/2 - 17*q. List the prime factors of t(-1).
2, 17
Let k = 2935 - -699. What are the prime factors of k?
2, 23, 79
Let k(j) = -75*j - 586. List the prime factors of k(-51).
41, 79
Let t(i) = -42*i**2 - i - 1. Let q(u) = -u**2 - 7*u - 7. Let p be q(-6). Let b be t(p). Let y = -12 - b. What are the prime factors of y?
2, 3, 5
What are the prime factors of 1*6 + (-3327)/(-3) + 2?
1117
Suppose 0 = 4*f - 21 - 51. Suppose 345 = f*b - 13*b. List the prime factors of b.
3, 23
Let j = 3238 + 4. What are the prime factors of j?
2, 1621
Let q(f) = 2*f**2 - 59*f + 2231. List the prime factors of q(0).
23, 97
Suppose -3*q = 19 - 28. Suppose 5*w = w - 5*f + 171, q*w - 172 = 5*f. List the prime factors of w.
7
Let r = -284 - -534. Suppose 0*w + r = 5*w. List the prime factors of 20/w + 346/10.
5, 7
Suppose 0 = -7*u + 10*u - 789. Let b = 378 - u. What are the prime factors of 6/(b/(-125) - -1)?
3, 5
Let l be 5/25 + 117/15. Suppose o - 1485 = -l*o. What are the prime factors of o?
3, 5, 11
Let b(t) = 5*t**3 + 9*t**2 + 3*t - 9. Let m = 11 + -5. Let i(l) = 14*l**3 + 26*l**2 + 9*l - 26. Let d(r) = m*i(r) - 17*b(r). List the prime factors of d(3).
2, 3
Suppose -32*y + 58097 = 9*y. What are the prime factors of y?
13, 109
Suppose 7*l = 4*l + q + 1610, -3*l + 3*q + 1608 = 0. List the prime factors of l.
3, 179
Let s(x) = -x**3 - 5*x**2 + 7*x + 5. Let c be s(-6). Let z(w) be the third derivative of -29*w**4/24 - w**3/6 - 14*w**2. What are the prime factors of z(c)?
2, 7
Let g(u) = -16*u. Let c be g(3). Suppose 0*r + 7 = 3*p + r, 4*p - 5*r = 41. What are the prime factors of (448/c)/(p/(-18))?
2, 3, 7
Let n(t) = t + 4. Suppose 0 = a - 5*a - 40. Let h be (24/20)/((-2)/a). List the prime factors of n(h).
2, 5
Let f = 660 + -262. List the prime factors of f.
2, 199
Let f = 18 + -3. Suppose f = -5*y, 6*q - q - 80 = -5*y. List the prime factors of q.
19
Let r = 16 + -14. Suppose 3*j = 10 + r, -2*b + 2*j + 108 = 0. Suppose -v - v = -b. What are the prime factors of v?
29
Let i = -12 - -15. Suppose -i*w = 2*w. Suppose w = -2*t - 2, -2*t + 3 = 2*h - 23. What are the prime factors of h?
2, 7
Suppose 4*g - 41 = 3. Suppose 8*a + 201 = g*a. List the prime factors of a.
67
Let u = 479 - 285. Let m = u - 99. List the prime factors of m.
5, 19
List the prime factors of -3 - 9/3*-706.
3, 5, 47
Suppose 12 = 5*u + 67. Let a = u - -13. Suppose -18 = y - a*y. List the prime factors of y.
2, 3
Suppose 3*b + 2 = -13. Let o be -5 - b - 0/(-2). What are the prime factors of 13 + (-2)/(-6)*o?
13
Suppose -507 = -2*t - 5*n, t - 2*t = -5*n - 216. Suppose -3*a + 195 = -3*k, 3*a + t = -4*k - 47. Let z = k - -102. What are the prime factors of z?
3, 11
Suppose 4*r = -0*r + 156. Let t be ((-299)/r)/((-1)/(-3)). Let o = t + 40. List the prime factors of o.
17
Let k(h) = -h**2 + 14*h + 19. Let p be k(15). Suppose p*t = t + 261. List the prime factors of t.
3, 29
List the prime factors of 695 - 7 - 3 - 7.
2, 3, 113
Suppose -2*s + 9497 = -o, -5*s + 5*o = -4571 - 19184. List the prime factors of s.
2, 3, 7, 113
Let r be 1/(-3)*(-1 - 5). Let c = 7 - r. Let z = c + 26. List the prime factors of z.
31
List the prime factors of 664 - 8*7/(-14).
2, 167
Let u be (2 + 1 - 4)*(5 - 0). What are the prime factors of (-539)/u + 1/5?
2, 3
Let x(w) = -46*w + 5. What are the prime factors of x(-3)?
11, 13
Suppose 3*k - 10 = -2*o, -3*o + 10 = -2*k - o. Suppose 2 - 6 = -3*z - t, -z + t + 4 = k. Let w(d) = 4*d**2 - 2*d - 1. What are the prime factors of w(z)?
11
Let c = 1505 + -926. List the prime factors of c.
3, 193
Suppose -7*h = 3387 - 14874. What are the prime factors of h?
3, 547
Let f(l) = 2*l**2 - 3*l - 6. Suppose j - 8*j + 637 = 0. Let t be j/(-26) - (-2)/(-4). What are the prime factors of f(t)?
2, 19
Suppose -1794 = -2*v + p, -2*p - 1788 = -2*v + 2*p. List the prime factors of v.
2, 449
Let h be ((-2)/6)/(2/6). Let n be h*15/(0 - 3). Suppose 3 = a, -t + n*t + a = 167. List the prime factors of t.
41
Suppose 2*r = 73 - 15. Let o = -4 + r. Suppose -q = 4, s - o = -3*q + 27. List the prime factors of s.
2
Let f(o) = -2*o + 33. Suppose u + 3 = 5*g - 7, 3*u + g - 50 = 0. Let v be f(u). Suppose v*k = 2*k + 51. What are the prime factors of k?
3, 17
Let l = 325 - 1017. List the prime factors of 6/(-9) - 3/9*l.
2, 5, 23
Let r be -4 - (0 + 3/1). Let b(f) = 2*f - 2. Let w be b(r). List the prime factors of 2*-2*116/w.
29
Let a = -26 + 39. Let g be (27/(-84)*-8)/((-9)/(-84)). Let c = a + g. List the prime factors of c.
37
Suppose -h - 2*u - 206 = -4*h, -5*u = -3*h + 218. Let f = h - 386. List the prime factors of f/(-12)*(4 - 1).
2, 5
Let l(a) = -2*a**3 + 2*a**2 + 37*a + 7. List the prime factors of l(-5).
2, 61
What are the prime factors of 0 - (-24)/(-32) - 12920/(-32)?
13, 31
Let k be (-4)/10 - 34/(-10). Suppose -6*c + 257 = -4*c + k*t, 4*c - 2*t = 506. What are the prime factors of c?
127
List the prime factors of (-6)/6 - -424 - -6.
3, 11, 13
Let d be 749/28 - 2/(-8). Let p = -25 + d. What are the prime factors of (p/(-3))/(1/(-87))?
2, 29
Suppose -5*b = 3*a - 405, a + 384 = 4*a - 2*b. Suppose -g + 141 = -5*m + 719, 0 = -m + 5*g + a. List the prime factors of m.
5, 23
Let y(r) = 3*r**3 - r**2 + 1. Let a be y(1). Let l be 1/a + (-2216)/(-12). Suppose -100 = -2*c + 2*u, 0 = 2*c + 2*c + u - l. List the prime factors of c.
47
Suppose 1310 = h + j, -5*h + j = -2847 - 3685. List the prime factors of h.
1307
Let o = -577 + 643. List the prime factors of o.
2, 3, 11
Suppose 12 = 3*u - 4*q, 3*u + 5*q + 15 = 5*u. Suppose 5*k = -u*k + 195. Suppose k = i - 22. What are the prime factors of i?
61
Let i(n) = 4 - 6*n + 11*n + 12*n + 0*n. List the prime factors of i(5).
89
Let i(a) = -78*a**3 + 6*a**2 + 3*a + 18. What are the prime factors of i(-3)?
3, 241
What are the prime factors of (-1086 - 56)/((-2 - -1)/1)?
2, 571
Suppose 2*g + 3*a = -7, 3*a + 4 = 4*g - 27. Suppose -g*m - 4*j = -m - 211, 3*j = -2*m + 141. What are the prime factors of m?
3, 23
Suppose -4232 = -5*z - 4*d, -z - 15*d + 850 = -16*d. List the prime factors of z.
2, 53
Suppose 0 = 4*x, -4*g = -3*